28
What is the greatest common factor of 60 and 480?
60
What is the greatest common factor of 74 and 1147?
37
Calculate the highest common factor of 68 and 391.
17
Calculate the highest common factor of 62 and 31.
31
Calculate the highest common factor of 266 and 304.
38
Calculate the greatest common factor of 240 and 3440.
80
Calculate the greatest common factor of 2808 and 728.
104
Calculate the highest common factor of 1557 and 1.
1
What is the greatest common divisor of 26 and 3874?
26
Calculate the greatest common divisor of 96 and 36.
12
What is the greatest common divisor of 12305 and 345?
115
Calculate the highest common divisor of 158 and 1185.
79
What is the greatest common divisor of 4576 and 143?
143
Calculate the greatest common factor of 30336 and 79.
79
What is the highest common divisor of 63 and 511?
7
What is the highest common divisor of 2290 and 10?
10
What is the highest common factor of 7 and 896?
7
What is the highest common divisor of 38 and 9994?
38
What is the greatest common factor of 125 and 2125?
125
What is the greatest common factor of 2 and 4?
2
Calculate the greatest common divisor of 6012 and 108.
36
Calculate the highest common divisor of 812 and 84.
28
What is the greatest common divisor of 34 and 1241?
17
What is the highest common divisor of 22 and 4?
2
Calculate the highest common divisor of 864 and 320.
32
What is the highest common divisor of 10960 and 720?
80
Calculate the greatest common divisor of 324 and 27.
27
What is the highest common factor of 51 and 17?
17
What is the highest common divisor of 285 and 5745?
15
Calculate the greatest common factor of 32500 and 260.
260
What is the highest common factor of 15997 and 51?
17
Calculate the greatest common factor of 504 and 56.
56
Calculate the greatest common factor of 990 and 3168.
198
Calculate the greatest common divisor of 1007 and 53.
53
Calculate the highest common divisor of 4 and 7.
1
What is the highest common factor of 1020 and 60?
60
Calculate the highest common divisor of 10 and 2900.
10
What is the highest common factor of 483 and 6?
3
Calculate the highest common divisor of 34 and 19465.
17
Calculate the greatest common divisor of 6921 and 63.
9
What is the greatest common divisor of 117 and 7800?
39
Calculate the greatest common divisor of 1817 and 46.
23
What is the highest common divisor of 2007 and 2453?
223
What is the highest common factor of 189 and 12096?
189
Calculate the highest common factor of 15 and 50.
5
Calculate the greatest common divisor of 456 and 19.
19
What is the greatest common factor of 10 and 14845?
5
Calculate the highest common divisor of 148 and 36.
4
What is the highest common divisor of 286 and 494?
26
What is the highest common factor of 34 and 24667?
17
Calculate the greatest common divisor of 112 and 16016.
112
Calculate the highest common factor of 4728 and 504.
24
Calculate the greatest common divisor of 207 and 138.
69
What is the greatest common divisor of 17 and 833?
17
Calculate the greatest common factor of 69 and 161.
23
What is the highest common divisor of 582 and 7954?
194
Calculate the greatest common factor of 1030 and 50.
10
What is the highest common divisor of 365 and 4672?
73
What is the highest common divisor of 55 and 583?
11
What is the highest common factor of 2597 and 49?
49
Calculate the highest common divisor of 1055 and 4642.
211
What is the highest common divisor of 28 and 182?
14
What is the highest common divisor of 260 and 2444?
52
What is the highest common factor of 36 and 117?
9
What is the greatest common factor of 29 and 18560?
29
Calculate the greatest common divisor of 708 and 177.
177
Calculate the greatest common divisor of 16 and 29.
1
What is the highest common factor of 825 and 1320?
165
Calculate the greatest common factor of 2560 and 24.
8
What is the highest common divisor of 60 and 390?
30
Calculate the highest common divisor of 496 and 8.
8
Calculate the highest common factor of 45 and 9.
9
Calculate the highest common factor of 206 and 6.
2
What is the greatest common divisor of 52 and 1534?
26
Calculate the highest common divisor of 500 and 25.
25
Calculate the highest common divisor of 6292 and 12.
4
What is the greatest common divisor of 4300 and 60?
20
What is the greatest common divisor of 3061 and 1?
1
What is the highest common divisor of 70 and 875?
35
Calculate the greatest common factor of 77 and 5159.
77
Calculate the greatest common factor of 504 and 801.
9
Calculate the greatest common factor of 390 and 5226.
78
Calculate the highest common divisor of 62 and 6355.
31
What is the highest common divisor of 1220 and 80?
20
What is the greatest common factor of 67 and 29681?
67
What is the highest common factor of 1252 and 4?
4
What is the highest common factor of 279 and 1488?
93
What is the highest common factor of 3872 and 32?
32
What is the highest common divisor of 27 and 15?
3
What is the greatest common divisor of 7500 and 30?
30
Calculate the greatest common factor of 1 and 577.
1
Calculate the highest common divisor of 135 and 378.
27
What is the highest common factor of 9354 and 6?
6
Calculate the highest common factor of 1003 and 34.
17
Calculate the highest common factor of 2 and 16.
2
What is the greatest common factor of 412 and 4?
4
What is the greatest common factor of 22999 and 1266?
211
What is the greatest common factor of 833 and 17?
17
Calculate the highest common divisor of 135 and 2340.
45
Calculate the highest common factor of 1533 and 21.
21
What is the greatest common divisor of 152 and 1007?
19
What is the greatest common factor of 186 and 1426?
62
What is the greatest common divisor of 495 and 396?
99
Calculate the highest common divisor of 144 and 27.
9
Calculate the highest common factor of 13 and 767.
13
What is the greatest common divisor of 3337 and 517?
47
What is the highest common divisor of 224 and 476?
28
What is the greatest common factor of 262 and 4847?
131
What is the highest common divisor of 88 and 1716?
44
What is the greatest common divisor of 37 and 740?
37
Calculate the greatest common divisor of 8 and 2096.
8
What is the highest common factor of 993 and 6?
3
Calculate the greatest common divisor of 475 and 798.
19
What is the greatest common divisor of 17406 and 18?
18
Calculate the highest common divisor of 494 and 234.
26
What is the highest common factor of 5746 and 7514?
442
Calculate the greatest common factor of 154 and 110.
22
What is the highest common factor of 38 and 5833?
19
Calculate the highest common factor of 1868 and 3.
1
Calculate the greatest common divisor of 75 and 10025.
25
What is the highest common factor of 78 and 858?
78
Calculate the highest common factor of 738 and 4674.
246
What is the greatest common factor of 4590 and 210?
30
What is the greatest common factor of 135 and 5?
5
Calculate the greatest common divisor of 6896 and 16.
16
Calculate the greatest common divisor of 19 and 20843.
19
Calculate the greatest common factor of 2262 and 18.
6
Calculate the greatest common divisor of 992 and 62.
62
What is the greatest common divisor of 639 and 497?
71
What is the greatest common divisor of 16287 and 801?
267
What is the greatest common factor of 462 and 154?
154
What is the highest common factor of 9 and 135?
9
What is the highest common factor of 44 and 4?
4
Calculate the highest common factor of 94 and 94.
94
Calculate the highest common divisor of 116 and 4814.
58
Calculate the greatest common divisor of 8041 and 11.
11
Calculate the greatest common factor of 52 and 52.
52
What is the highest common factor of 348 and 58?
58
What is the highest common factor of 7634 and 154?
22
What is the highest common factor of 24 and 48?
24
What is the greatest common factor of 1750 and 525?
175
What is the greatest common factor of 3476 and 22?
22
Calculate the highest common factor of 4 and 3276.
4
What is the highest common factor of 14215 and 5?
5
What is the greatest common factor of 2067 and 583?
53
Calculate the greatest common divisor of 32 and 50.
2
Calculate the highest common divisor of 22 and 341.
11
What is the greatest common factor of 341 and 31?
31
Calculate the greatest common factor of 232 and 174.
58
Calculate the greatest common factor of 56 and 164.
4
What